ppose s*n - 16 - 39 = 0. What is the remainder when 21 is divided by n?
10
Let c be 254/(-8) - (-1)/(-4). Calculate the remainder when 33 is divided by ((-3)/(-4))/((-2)/c).
9
Calculate the remainder when 17 is divided by (-9)/1*4/(-6).
5
Suppose 2*k - 4*t + 9*t = -25, -20 = k - 5*t. Let p = -6 - k. What is the remainder when 31 is divided by p?
4
Suppose 4*w - 5*g - 61 = 0, 5*g + 15 = 2*g. Let o = -2 + 3. Let h = o + w. What is the remainder when 19 is divided by h?
9
What is the remainder when 17 is divided by (16/(-4) - 1)*-2?
7
Let i be (14 + 0)*21/6. Suppose 2*m - 3*g + 27 = 103, m + 4*g - i = 0. Suppose -4*a = -357 + m. What is the remainder when a is divided by 27?
25
Suppose -2 = 3*b - 5*d + 9, 2*d + 4 = 4*b. What is the remainder when -1 - (-3 + 2)*27 is divided by 9/(9/b + -2)?
8
Let j = -3 - -21. What is the remainder when 29 is divided by j?
11
Let r = 9 + -5. Suppose -7*n + 12*n = 30. What is the remainder when n is divided by r?
2
Let c(t) = -t + 3*t**2 + 3*t - 4*t**2 + 7 - 8*t. What is the remainder when 27 is divided by c(-6)?
6
Suppose s = 2*j - 229, -s = 3*j + s - 333. What is the remainder when j is divided by 29?
26
Let s(m) = 4*m - 2. Let k(g) = g**2 - 10*g + 5. Let l = -2 - -12. Let p be k(l). What is the remainder when s(p) is divided by 10?
8
Suppose -2*h + 22 = -8. What is the remainder when h is divided by 8?
7
Let f(n) = -n**3 + 8 + 5*n**2 + 2*n**3 - 2. Suppose 18*o - 37 = 35. What is the remainder when f(-5) is divided by o?
2
Let t(x) = -13*x**2 + x. Let c be t(1). Let j be 1/(-4) - 51/c. Suppose -z = j*z - 105. What is the remainder when z is divided by 11?
10
Suppose -5*l + 2*l + 30 = 0. Let u = l - 5. Suppose -u*f + 50 = -5*y, -4*f = 4*y + 13 - 37. What is the remainder when 22 is divided by f?
6
Calculate the remainder when (-26)/(-1*(1 - 0)) is divided by 9.
8
Let g = 28 - 9. Suppose -4*w + 0*w - 157 = -y, -606 = -4*y + 5*w. Suppose -i + 4 = 5, 5*i = 4*v - y. What is the remainder when v is divided by g?
17
Suppose -4*i + 121 = -11. Suppose 0 = 5*j - 8 - 77. Calculate the remainder when i is divided by j.
16
Let k = -5 - -10. Suppose 2*p + 2*p + 5*b - 92 = 0, 5*p - 5*b - 115 = 0. Suppose -7 = -k*x + p. What is the remainder when 11 is divided by x?
5
Suppose -j - 36 = -4*m, -6*j - 9 = -m - j. Calculate the remainder when 16 is divided by m.
7
Let a = -1566 - -2664. Let x be (-1)/(-2*3/a). Suppose 3*h - 43 - 58 = -5*c, 5*h = -c + x. Calculate the remainder when h is divided by 13.
11
Suppose 7 = 3*i - 26. What is the remainder when 31 is divided by i?
9
Let z(t) = t**2 + t. Let i(w) = w**3 - 7*w**2 + 7*w - 2. Let f be i(6). Suppose v + f = -1. What is the remainder when 38 is divided by z(v)?
18
Let x(m) = m**3 - 7*m**2 + 6*m + 3. Let s be (0 + 1)*6*1. Suppose -3*d + 2*c - 6*c + 28 = 0, 5*c = 3*d - 19. What is the remainder when d is divided by x(s)?
2
Let x = -17 + 31. Let m = 33 + -48. Let z = -10 - m. What is the remainder when x is divided by z?
4
Suppose 2*p = r - 15, -5*r - 2 = -5*p - 72. What is the remainder when 154 is divided by r?
11
Let p(x) = x**3 - 15*x**2 + 17*x - 15. Calculate the remainder when 106 is divided by p(14).
25
Suppose u - 99 = -5*t - 0*t, 2*u - t - 154 = 0. Calculate the remainder when u is divided by 8.
7
Suppose -48 = y + 12. Let w = y + 136. Calculate the remainder when w is divided by 26.
24
Let x be ((-104)/(-39))/(-2 - (-8)/3). Let q = -40 + 86. Suppose -x = 3*o - q. Calculate the remainder when 39 is divided by o.
11
Let j(h) = -h**2 + 3*h - 1. Let i be j(4). Let g(v) = -v + 1. Let b be g(i). Let l = 15 - b. What is the remainder when 26 is divided by l?
8
Let j = 0 + -6. Let m(q) = -q**3 - 6*q**2 - 2*q + 8. What is the remainder when (-2 - -60)/(3 + -2) is divided by m(j)?
18
Let q = 73 + -18. Let s = q + -32. Calculate the remainder when s is divided by 13.
10
Let d(q) = 14*q**2 - q + 1. What is the remainder when (5 - -29) + 7 + -2 is divided by d(1)?
11
Suppose -5*t + 28 = -377. Suppose -t = 7*c - 10*c. What is the remainder when 52 is divided by c?
25
Suppose 207 = 2*y - 3*v, -5*y - 5*v + 727 = 222. Calculate the remainder when y is divided by 35.
32
Suppose 0 = 2*y - 2*d - 6, 4*y + 6 = d - 3*d. Suppose 5*v + 3*r - 23 = y, 4*v - 4*r + 3 = 15. What is the remainder when 7 is divided by v?
3
Let j(k) = 5*k + 8. Let l be j(-7). Let r = l - -39. Suppose -g = 3*b - 2*b - r, -2*b = g - 22. Calculate the remainder when b is divided by 4.
2
Suppose 0 = 3*j - 0*j - 54. Calculate the remainder when j is divided by 7.
4
What is the remainder when (45/30)/(1/6) is divided by 6?
3
Suppose -2*n = q - 20, 4*q = -3*n - n + 88. What is the remainder when 93 is divided by q?
21
Calculate the remainder when 77 is divided by ((-13)/3)/(11/(-33)).
12
Let z be (-65)/(-26) - 6/4. Let n = 4 + z. Calculate the remainder when n is divided by 16/10 + (-4)/(-10).
1
Let k = -32 - -26. Calculate the remainder when 71 is divided by (2/k)/((-1)/54).
17
Suppose d + 16 = 3*d. Let r = -71 - -103. What is the remainder when 4 + -1 + r + -4 is divided by d?
7
Suppose 4*p - 3*p + 519 = 0. Let l(v) = 15*v. What is the remainder when 1/(-4) - p/12 is divided by l(1)?
13
Suppose -4*j - 4*k + 104 = 0, j - 5*k + 0*k = 14. Calculate the remainder when 71 is divided by j.
23
Let h be 1*(2 - (-4)/(-1)). What is the remainder when (1/h)/((-2)/96) is divided by 9?
6
Let s = -33 + 57. Let f = s + -7. Calculate the remainder when f is divided by 9.
8
Let c = -48 + 80. Calculate the remainder when c is divided by 1/(-2)*0 + 17.
15
Suppose -3*g = -35 + 5. Suppose 0 = -j + 4 + 3. Suppose -6*x = -j*x + 4. What is the remainder when g is divided by x?
2
Let i(k) = -k**3 - k - 1. Let w be (2*1)/(4 - 5). What is the remainder when 34 is divided by i(w)?
7
Suppose -3*u + 0*u - 40 = -v, 164 = 5*v - 3*u. Calculate the remainder when v is divided by 16.
15
Let u(o) = 3*o**2 + 2*o + 2. Calculate the remainder when 66 is divided by u(-3).
20
Suppose -2*v = -0*v + 2. Let c(r) = 5*r**2 - 1. What is the remainder when 13 is divided by c(v)?
1
Let y(k) = k**3 - 4*k**2 - 24*k + 2. What is the remainder when y(8) is divided by 14?
10
Suppose -64 = -k - 3*k. Calculate the remainder when 79 is divided by k.
15
Let z(y) = -y**2 + 8*y + 1. What is the remainder when 35 is divided by z(6)?
9
Suppose -10 = -3*x - 2*p, 3*p = p - 8. Suppose 0 = -b + x. Calculate the remainder when 17 is divided by b.
5
What is the remainder when 4/(-18) - (-454)/18 is divided by 4 - -5 - (-3 - 1)?
12
Suppose 2*j + 6 = 4*x, -2*j + j = -3*x + 7. Suppose -3*m + 26 = 4*b - 2*m, j*m + 10 = 0. What is the remainder when 25 is divided by b?
4
Suppose -s + 0*s = -5. Suppose 8 = -s*y + 88. Let q(p) = -p**3 - 2*p - 3. Calculate the remainder when q(-3) is divided by y.
14
Suppose 0 = 3*i + i. What is the remainder when 19 is divided by 1/(2/14 - i)?
5
Suppose -4*s - 7 = -4*c + 1, -2*s - c - 1 = 0. Calculate the remainder when s*4*(-7)/4 is divided by 4.
3
Let x = -9 + 15. Calculate the remainder when 6/4*384/36 is divided by x.
4
Suppose -l + 47 = -4*o - 27, -12 = 4*o. What is the remainder when l is divided by 13?
10
Let c(n) = 6*n + 13. Let s be c(14). Let u = s + -58. Calculate the remainder when u is divided by 21.
18
Let h(m) = 18*m**2 - m. Suppose -2*d - 1 = -3*d. What is the remainder when h(d) is divided by 6?
5
Let u(q) = -2 + 2 + 2*q**2 - 71*q**3 + q - q**3. What is the remainder when u(-1) is divided by 25?
23
Suppose -3*x + 8 + 4 = 0. Suppose x*m = 4 - 0. Calculate the remainder when m is divided by 1.
0
Let b be (0 + 3/4)*4. Let z(p) = -p**2 + 17*p - 14. Let u be z(14). Suppose x + u = b*x. Calculate the remainder when x is divided by 8.
6
Suppose 0 = -7*h + 2*h + 20. What is the remainder when 9 is divided by h?
1
Suppose 5*w + 5*y - 70 = 0, -28 = -2*w + 2*y - 5*y. Let a be 12/30*1*-10. Let o = a - -58. What is the remainder when o is divided by w?
12
Let a(h) = 2*h + 7. Calculate the remainder when 57 is divided by a(11).
28
Let k = 7 + 1. Let i(v) = 0 - 2*v - 1 + 7*v. Calculate the remainder when i(3) is divided by k.
6
Suppose 2*n = -4*j, -4*j + 15 + 1 = -2*n. Suppose 2*b = -2*y - 18 + 44, -4*b + 2*y + 22 = 0. Let h = j + b. What is the remainder when h is divided by 6?
4
Suppose 3*u = 2 + 10. Let o(l) = 2*l**3 - 2*l**2 - 1. What is the remainder when